tens digit of i?
2
Let c = -16 + 22. Let k be ((-21)/(-14))/(c/(-8)). Let l(z) = 7*z**2 + 2*z - 2. What is the tens digit of l(k)?
2
Let v = 1500 - 812. What is the hundreds digit of v?
6
Suppose -6*a = -a. Suppose -t + 2*t = a. What is the tens digit of 44/(t + 2)*1?
2
Suppose 5 = 2*n - 5*q - 15, 5*n = 4*q + 16. Suppose y + y = -v + 188, n = 5*v + 4*y - 934. What is the tens digit of v?
8
Suppose -26 = 7*w + 9. What is the units digit of 3 + (10728/60 - 1/w)?
2
Suppose 14 - 1 = u. Suppose 0 = d + 5*s - 2*s - u, -d = -5*s - 13. Let n = d + -12. What is the units digit of n?
1
Suppose -4*b - 2*v = -7*v - 1083, 3*b - 4*v - 812 = 0. What is the tens digit of b?
7
What is the tens digit of -2 + (1687 - (1 + 1))?
8
Let d(g) = -61*g - 68. Let t(b) = -20*b - 23. Let y(p) = -6*d(p) + 17*t(p). What is the hundreds digit of y(5)?
1
Let s = -6 + 8. Let o(t) = -s + 7 + 0*t + 3 + t. What is the units digit of o(0)?
8
Let n(v) = -7*v**2 + 1. Let j be n(2). Let h be (1 - 2)*(j + -4). Suppose 0*a - 3*a + 5*r + h = 0, a = -r - 3. What is the units digit of a?
2
Let t(r) = -r**3 + 8*r**2 + 3*r - 9. Let f(v) = -v**2 - v + 5. Let c be f(0). Suppose -c*o + 40 = -0*o. What is the units digit of t(o)?
5
Suppose 1620 = k + 3*k. Suppose -5*y + 170 = -k. What is the hundreds digit of y?
1
Let s be (10 + -10)*1/(-2). Let l(j) = j**3 - j**2 - j + 41. Let y be l(s). Suppose -o + 5*n = 2*o - y, -2*o + 21 = 3*n. What is the tens digit of o?
1
Suppose -8*b + 556 = -332. Suppose h - b = -2*h. What is the units digit of h?
7
Suppose -7 = 5*z + q - 32, -4*z = 2*q - 26. Let d(v) = -8*v - 6*v + 12 - z*v + 2*v. What is the tens digit of d(-3)?
6
Let b be 7/28 - 27/(-4). What is the units digit of 2 + 503/b - 4/(-28)?
4
Let u(k) = k**2 - 14*k + 53. Let x be u(8). Let c(q) = 10*q - 24. What is the tens digit of c(x)?
2
Let w be (-1)/3 + (-368)/(-6). Let n = w + -17. Suppose 4*z = 2*p + 32, 0 = 4*z - 5*p - n. What is the units digit of z?
6
Let w be (161 + -5)*9/(-4). Let q = w + 554. What is the units digit of q?
3
Let a(u) be the second derivative of -3*u**3/2 - 7*u**2/2 + 28*u. Suppose 0 = 2*q - 0*q + 10. What is the tens digit of a(q)?
3
Let b = -7 - -15. Suppose 75 = -3*v + b*v. What is the tens digit of v?
1
Let h(p) = p**3 + 16*p**2 + 14*p - 7. Let w = 7 + -3. Suppose u + 15 = -0*u + s, w*u + 60 = -s. What is the units digit of h(u)?
8
Suppose 789 = -12*i + 4605. What is the units digit of i?
8
Let h be 0/(6 - -1) + 16/2. Suppose 4*v - 264 = -m, -m - 3*v = -h*v - 246. What is the hundreds digit of m?
2
Let b(f) = 13*f + 1. Let t be b(3). Suppose 5*q - 10*q - t = 0. Let p(r) = -r**3 - 7*r**2 + 6*r + 10. What is the tens digit of p(q)?
2
Let f be ((-2)/6*-1)/((-8)/(-24)). What is the tens digit of (-214)/4*(-2)/f?
0
Suppose -5*m = y + 17, -4*y - 5 = -3*m - 29. Let f(v) = y*v**2 + 0*v**2 + 0*v - 6 + 2*v**2 + v**3 - 5*v. What is the units digit of f(-4)?
0
Let h(m) = 227*m**2 - m - 2. Let o be h(-1). Suppose 3*v - 3*z = 321 + 27, -2*v + o = z. What is the hundreds digit of v?
1
Suppose -5*z = 2*q - 28, 0 = -2*z + 7*z + q - 24. Let c be z + (-3)/(-1) + -5. What is the tens digit of c - ((-20)/1 - 0)?
2
Let i(t) = -9*t**2 - 5*t - 6. Let h be i(-4). Let m = h + 219. What is the units digit of m?
9
Let z = -21 + 21. Suppose z = r + 4*r. Let t(y) = -y**2 - 2*y + 54. What is the units digit of t(r)?
4
Let a = 321 + -288. What is the tens digit of a?
3
What is the tens digit of -1*30*(-28858)/470?
4
Suppose -3*c + a = -513, -2*c + 3*a = -4*c + 353. What is the tens digit of c?
7
Let q = 18 - 26. Let u = -46 - -29. Let o = q - u. What is the units digit of o?
9
Let r(i) = 36*i + 13 + 23*i + 41*i. What is the tens digit of r(3)?
1
Suppose -21*l = -25*l + 1664. What is the hundreds digit of l?
4
Let m be 2*(-2)/4 - -1. Let n be -3*(m/(-2) + -1). What is the units digit of 3 - n - -2 - -2?
4
Suppose 91 + 131 = 6*f. Let t be (1 - -1)/(-2) + f. Suppose 0 = -0*w + 3*w - t. What is the tens digit of w?
1
Let t(k) = 106*k**2 - 32*k + 147. What is the units digit of t(6)?
1
Let b(g) = 12*g**2 - 8*g - 5. Let q be b(-3). Suppose p - 4*y - 91 = 0, -3*y = 6*p - 4*p - q. What is the units digit of p?
1
What is the units digit of (1760/(-120))/(224/114 - 2)?
8
Let u = -456 + 4894. What is the hundreds digit of u?
4
Suppose -r - 244 = 8. Let m be 16/80 - r/(-10). Let x = -18 - m. What is the units digit of x?
7
Let w be 3*(4 - -1*2). Suppose 0 = 10*d + 269 + 271. What is the units digit of 4/w + (-906)/d?
7
Let t(i) = -i**3 + i**2 + 159. Let h be t(0). Let v = 129 + h. Suppose 0*u - 6*u = -v. What is the units digit of u?
8
Let u = 1251 - 887. What is the units digit of u?
4
Let s be 1038/(-54) - (-4)/18. Let l = 111 + s. What is the tens digit of l?
9
Let g = 42 + -249. Let x = g - -344. What is the hundreds digit of x?
1
Let c(n) be the third derivative of n**6/60 - n**5/30 + n**4/12 - 2*n**3/3 - 7*n**2. What is the units digit of c(2)?
8
Let j(d) = 127*d**3 + 2*d**2 + d - 1. Let h(k) = k**2 - 4*k - 4. Let r be h(5). What is the tens digit of j(r)?
2
Let z = -32 - -37. Suppose -h - 5*t + 15 = -6*h, 0 = z*h - 2*t + 18. What is the units digit of 51 + (3 - (-1 - h))?
1
Let a(f) = -5*f**2 + 5*f + 6. Let l(c) = -9*c**2 + 9*c + 11. Let v(k) = 5*a(k) - 3*l(k). Let o be v(4). What is the units digit of (-1)/2 + o/2?
0
Suppose 5*y - 35 + 130 = 0. Let p = y + 31. What is the units digit of (-147)/p*(-1 + -3)?
9
Suppose -1812 + 563 = -5*v + 3*w, -3*v + 4*w = -745. What is the units digit of v?
1
Suppose -7*k + 360 = -3*k. Suppose 4*p - 234 = -k. What is the tens digit of p?
3
Let t(q) be the third derivative of 19*q**5/20 + q**4/24 + q**3/6 - 22*q**2. What is the hundreds digit of t(2)?
2
What is the tens digit of (48 - -6)/((0 + 4)/2)?
2
Suppose 0 = y - 2 - 2. What is the tens digit of ((-230)/(-100))/(y/(-70))*-4?
6
Let l = 18 - -2. Suppose -4*d = -3*f - l, f + 5*d - d = 20. Suppose 8*k - 47 - 473 = f. What is the units digit of k?
5
Let g(a) = a**3 - 19*a**2 - 19*a - 25. Let j be g(20). Let l(m) = -43*m + 12. What is the tens digit of l(j)?
2
Let o(y) = 15*y - 12. Let n be o(7). Let j = n + 18. What is the units digit of j?
1
Let r(a) = -a**3 - 15*a**2 - 40*a - 17. What is the tens digit of r(-12)?
3
Let f(c) = c**2 - 7*c - 6. Let n = -9 - -17. Let y be f(n). Suppose -3*x + 3*h + 81 = 21, -2*x + 40 = y*h. What is the units digit of x?
0
Suppose 3*g + 31 = -q, -g - 5 = -0*g + 3*q. What is the units digit of (1/(-3))/(g/165)?
5
Let l = 474 - 17. What is the hundreds digit of l?
4
Suppose -7*c - 174 + 27 = 0. What is the tens digit of (-34)/3*c/14?
1
Suppose -3*i = 79 + 71. What is the tens digit of (4/(-6))/(i/135)*45?
8
Let k be (-15)/12 + 2/8. Let h(x) = -3*x + 2. Let d be h(k). Suppose 0 = d*m + 2*o - 126 - 123, 5*m = 4*o + 237. What is the tens digit of m?
4
Let u(y) = -2*y**2 + 13*y + 11. Let q be u(7). What is the hundreds digit of 30/q*(12/4 + 11)?
1
Let u = 2223 + -215. What is the tens digit of u?
0
Suppose 4*k = w - 13, -4*w = 3*k + 6 - 1. Let r(t) = 5*t + 25*t - 5*t. What is the tens digit of r(w)?
2
Let n = 11 - -122. Suppose 8*l - n = 7*l. What is the hundreds digit of l?
1
Let g = 1149 + -793. What is the tens digit of g?
5
Let f be -4 - -2 - (2 + -32). Let a = -18 + f. Suppose -2*n + 52 = -a. What is the tens digit of n?
3
Let k = -119 + 249. What is the units digit of k?
0
Let m = -16 - -14. Let n = m + 28. What is the units digit of n?
6
Suppose -l - 2*l = 6. Let y be -49*((-32)/(-28) + l). Let p = -30 + y. What is the tens digit of p?
1
Let p(k) = 2*k - 7. Let r be 0 + 14*4/8. What is the units digit of p(r)?
7
Let l be 39/15 + 2/5. Suppose l*m - 226 = m. What is the hundreds digit of m?
1
What is the thousands digit of (-42492)/36*(-3 + 0) + 7?
3
Suppose i = -4*i + 20. Suppose -i*u = -x + 11, -3*x = -2*u - 2*u - 17. Suppose -3*h + x*b + 159 = 0, -5*h - b + 253 = -3*b. What is the units digit of h?
9
Suppose -263*t + 267*t - 576 = 0. What is the tens digit of t?
4
Let q = 976 - 513. What is the units digit of q?
3
Suppose -k = 5*g - 140, -2*k = 5*g - 15 - 280. What is the hundreds digit of k?
1
Let w = 9 + 15. Suppose h = 2*h - w. What is the tens digit of h?
2
Let n(p) = -p**3 - 2*p**2 - 2*p + 2. Let c = 7 - -2. Suppose -12 = -t - 3*g, 0 = -2*t - 4*g - c + 23. What is the units digit of 